--
-- Host: 127.0.0.1    Database: mashwi_menu
-- ------------------------------------------------------


--
-- Table structure for table `addon_categories`
--

CREATE TABLE `addon_categories` (
  `id` bigint unsigned NOT NULL AUTO_INCREMENT,
  `name` varchar(255) COLLATE utf8mb4_unicode_ci NOT NULL,
  `created_at` timestamp NULL DEFAULT NULL,
  `updated_at` timestamp NULL DEFAULT NULL,
  PRIMARY KEY (`id`)
) ENGINE=InnoDB AUTO_INCREMENT=3 DEFAULT CHARSET=utf8mb4 COLLATE=utf8mb4_unicode_ci;

--
-- Dumping data for table `addon_categories`
--

INSERT INTO `addon_categories` VALUES (1,'إضافات الوجبات','2026-01-22 21:42:29','2026-01-22 21:42:29'),(2,'إضافات الحلى','2026-01-22 21:42:29','2026-01-22 21:42:29');

--
-- Table structure for table `addons`
--

CREATE TABLE `addons` (
  `id` bigint unsigned NOT NULL AUTO_INCREMENT,
  `addon_category_id` bigint unsigned NOT NULL,
  `name` varchar(255) CHARACTER SET utf8mb4 COLLATE utf8mb4_unicode_ci NOT NULL,
  `price` decimal(10,2) NOT NULL,
  `created_at` timestamp NULL DEFAULT NULL,
  `updated_at` timestamp NULL DEFAULT NULL,
  PRIMARY KEY (`id`),
  KEY `addons_addon_category_id_foreign` (`addon_category_id`),
  CONSTRAINT `addons_addon_category_id_foreign` FOREIGN KEY (`addon_category_id`) REFERENCES `addon_categories` (`id`) ON DELETE CASCADE
) ENGINE=InnoDB AUTO_INCREMENT=6 DEFAULT CHARSET=utf8mb4 COLLATE=utf8mb4_unicode_ci;

--
-- Dumping data for table `addons`
--

INSERT INTO `addons` VALUES (1,1,'جبن شرائح',1.00,'2026-01-22 21:42:29','2026-01-22 21:42:29'),(2,1,'جبن شيدر مبشور',1.50,'2026-01-22 21:42:29','2026-01-22 21:42:29'),(3,1,'جبن سائل',1.50,'2026-01-22 21:42:29','2026-01-22 21:42:29'),(4,2,'فواكه مشكلة',5.00,'2026-01-22 21:42:29','2026-01-22 21:42:29'),(5,2,'مكس صوصات',3.00,'2026-01-22 21:42:29','2026-01-22 21:42:29');

--
-- Table structure for table `categories`
--

CREATE TABLE `categories` (
  `id` bigint unsigned NOT NULL AUTO_INCREMENT,
  `name` varchar(255) COLLATE utf8mb4_unicode_ci NOT NULL,
  `image` varchar(255) COLLATE utf8mb4_unicode_ci DEFAULT NULL,
  `is_active` tinyint(1) NOT NULL DEFAULT '1',
  `created_at` timestamp NULL DEFAULT NULL,
  `updated_at` timestamp NULL DEFAULT NULL,
  PRIMARY KEY (`id`)
) ENGINE=InnoDB AUTO_INCREMENT=7 DEFAULT CHARSET=utf8mb4 COLLATE=utf8mb4_unicode_ci;

--
-- Dumping data for table `categories`
--

INSERT INTO `categories` VALUES (1,'المقلي',NULL,1,'2026-01-22 21:42:29','2026-01-22 21:42:29'),(2,'المشوي',NULL,1,'2026-01-22 21:42:29','2026-01-22 21:42:29'),(3,'الأطباق المميزة',NULL,1,'2026-01-22 21:42:29','2026-01-22 21:42:29'),(4,'الحلى',NULL,1,'2026-01-22 21:42:29','2026-01-22 21:42:29'),(5,'البكجات',NULL,1,'2026-01-22 21:42:29','2026-01-22 21:42:29'),(6,'المشروبات',NULL,1,'2026-01-22 21:42:29','2026-01-22 21:42:29');

--
-- Table structure for table `exclusion_product`
--

CREATE TABLE `exclusion_product` (
  `id` bigint unsigned NOT NULL AUTO_INCREMENT,
  `product_id` bigint unsigned NOT NULL,
  `exclusion_id` bigint unsigned NOT NULL,
  `created_at` timestamp NULL DEFAULT NULL,
  `updated_at` timestamp NULL DEFAULT NULL,
  PRIMARY KEY (`id`),
  KEY `exclusion_product_product_id_foreign` (`product_id`),
  KEY `exclusion_product_exclusion_id_foreign` (`exclusion_id`),
  CONSTRAINT `exclusion_product_exclusion_id_foreign` FOREIGN KEY (`exclusion_id`) REFERENCES `exclusions` (`id`) ON DELETE CASCADE,
  CONSTRAINT `exclusion_product_product_id_foreign` FOREIGN KEY (`product_id`) REFERENCES `products` (`id`) ON DELETE CASCADE
) ENGINE=InnoDB AUTO_INCREMENT=193 DEFAULT CHARSET=utf8mb4 COLLATE=utf8mb4_unicode_ci;

--
-- Dumping data for table `exclusion_product`
--

INSERT INTO `exclusion_product` VALUES (1,1,12,'2026-01-22 22:06:10','2026-01-22 22:06:10'),(2,1,11,'2026-01-22 22:06:10','2026-01-22 22:06:10'),(3,1,10,'2026-01-22 22:06:10','2026-01-22 22:06:10'),(4,1,9,'2026-01-22 22:06:10','2026-01-22 22:06:10'),(5,1,8,'2026-01-22 22:06:10','2026-01-22 22:06:10'),(6,1,7,'2026-01-22 22:06:10','2026-01-22 22:06:10'),(7,1,6,'2026-01-22 22:06:10','2026-01-22 22:06:10'),(8,1,5,'2026-01-22 22:06:10','2026-01-22 22:06:10'),(9,1,4,'2026-01-22 22:06:10','2026-01-22 22:06:10'),(10,1,3,'2026-01-22 22:06:10','2026-01-22 22:06:10'),(11,1,2,'2026-01-22 22:06:10','2026-01-22 22:06:10'),(12,1,1,'2026-01-22 22:06:10','2026-01-22 22:06:10'),(13,2,12,'2026-01-22 22:06:10','2026-01-22 22:06:10'),(14,2,11,'2026-01-22 22:06:10','2026-01-22 22:06:10'),(15,2,10,'2026-01-22 22:06:10','2026-01-22 22:06:10'),(16,2,9,'2026-01-22 22:06:10','2026-01-22 22:06:10'),(17,2,8,'2026-01-22 22:06:10','2026-01-22 22:06:10'),(18,2,7,'2026-01-22 22:06:10','2026-01-22 22:06:10'),(19,2,6,'2026-01-22 22:06:10','2026-01-22 22:06:10'),(20,2,5,'2026-01-22 22:06:10','2026-01-22 22:06:10'),(21,2,4,'2026-01-22 22:06:10','2026-01-22 22:06:10'),(22,2,3,'2026-01-22 22:06:10','2026-01-22 22:06:10'),(23,2,2,'2026-01-22 22:06:10','2026-01-22 22:06:10'),(24,2,1,'2026-01-22 22:06:10','2026-01-22 22:06:10'),(25,3,12,'2026-01-22 22:06:10','2026-01-22 22:06:10'),(26,3,11,'2026-01-22 22:06:10','2026-01-22 22:06:10'),(27,3,10,'2026-01-22 22:06:10','2026-01-22 22:06:10'),(28,3,9,'2026-01-22 22:06:10','2026-01-22 22:06:10'),(29,3,8,'2026-01-22 22:06:10','2026-01-22 22:06:10'),(30,3,7,'2026-01-22 22:06:10','2026-01-22 22:06:10'),(31,3,6,'2026-01-22 22:06:10','2026-01-22 22:06:10'),(32,3,5,'2026-01-22 22:06:10','2026-01-22 22:06:10'),(33,3,4,'2026-01-22 22:06:10','2026-01-22 22:06:10'),(34,3,3,'2026-01-22 22:06:10','2026-01-22 22:06:10'),(35,3,2,'2026-01-22 22:06:10','2026-01-22 22:06:10'),(36,3,1,'2026-01-22 22:06:10','2026-01-22 22:06:10'),(37,4,12,'2026-01-22 22:06:10','2026-01-22 22:06:10'),(38,4,11,'2026-01-22 22:06:10','2026-01-22 22:06:10'),(39,4,10,'2026-01-22 22:06:10','2026-01-22 22:06:10'),(40,4,9,'2026-01-22 22:06:10','2026-01-22 22:06:10'),(41,4,8,'2026-01-22 22:06:10','2026-01-22 22:06:10'),(42,4,7,'2026-01-22 22:06:10','2026-01-22 22:06:10'),(43,4,6,'2026-01-22 22:06:10','2026-01-22 22:06:10'),(44,4,5,'2026-01-22 22:06:10','2026-01-22 22:06:10'),(45,4,4,'2026-01-22 22:06:10','2026-01-22 22:06:10'),(46,4,3,'2026-01-22 22:06:10','2026-01-22 22:06:10'),(47,4,2,'2026-01-22 22:06:10','2026-01-22 22:06:10'),(48,4,1,'2026-01-22 22:06:10','2026-01-22 22:06:10'),(49,5,12,'2026-01-22 22:06:10','2026-01-22 22:06:10'),(50,5,11,'2026-01-22 22:06:10','2026-01-22 22:06:10'),(51,5,10,'2026-01-22 22:06:10','2026-01-22 22:06:10'),(52,5,9,'2026-01-22 22:06:10','2026-01-22 22:06:10'),(53,5,8,'2026-01-22 22:06:10','2026-01-22 22:06:10'),(54,5,7,'2026-01-22 22:06:10','2026-01-22 22:06:10'),(55,5,6,'2026-01-22 22:06:10','2026-01-22 22:06:10'),(56,5,5,'2026-01-22 22:06:10','2026-01-22 22:06:10'),(57,5,4,'2026-01-22 22:06:10','2026-01-22 22:06:10'),(58,5,3,'2026-01-22 22:06:10','2026-01-22 22:06:10'),(59,5,2,'2026-01-22 22:06:10','2026-01-22 22:06:10'),(60,5,1,'2026-01-22 22:06:10','2026-01-22 22:06:10'),(61,6,12,'2026-01-22 22:06:10','2026-01-22 22:06:10'),(62,6,11,'2026-01-22 22:06:10','2026-01-22 22:06:10'),(63,6,10,'2026-01-22 22:06:10','2026-01-22 22:06:10'),(64,6,9,'2026-01-22 22:06:10','2026-01-22 22:06:10'),(65,6,8,'2026-01-22 22:06:10','2026-01-22 22:06:10'),(66,6,7,'2026-01-22 22:06:10','2026-01-22 22:06:10'),(67,6,6,'2026-01-22 22:06:10','2026-01-22 22:06:10'),(68,6,5,'2026-01-22 22:06:10','2026-01-22 22:06:10'),(69,6,4,'2026-01-22 22:06:10','2026-01-22 22:06:10'),(70,6,3,'2026-01-22 22:06:10','2026-01-22 22:06:10'),(71,6,2,'2026-01-22 22:06:10','2026-01-22 22:06:10'),(72,6,1,'2026-01-22 22:06:10','2026-01-22 22:06:10'),(73,7,12,'2026-01-22 22:06:10','2026-01-22 22:06:10'),(74,7,11,'2026-01-22 22:06:10','2026-01-22 22:06:10'),(75,7,10,'2026-01-22 22:06:10','2026-01-22 22:06:10'),(76,7,9,'2026-01-22 22:06:10','2026-01-22 22:06:10'),(77,7,8,'2026-01-22 22:06:10','2026-01-22 22:06:10'),(78,7,7,'2026-01-22 22:06:10','2026-01-22 22:06:10'),(79,7,6,'2026-01-22 22:06:10','2026-01-22 22:06:10'),(80,7,5,'2026-01-22 22:06:10','2026-01-22 22:06:10'),(81,7,4,'2026-01-22 22:06:10','2026-01-22 22:06:10'),(82,7,3,'2026-01-22 22:06:10','2026-01-22 22:06:10'),(83,7,2,'2026-01-22 22:06:10','2026-01-22 22:06:10'),(84,7,1,'2026-01-22 22:06:10','2026-01-22 22:06:10'),(85,8,12,'2026-01-22 22:06:10','2026-01-22 22:06:10'),(86,8,11,'2026-01-22 22:06:10','2026-01-22 22:06:10'),(87,8,10,'2026-01-22 22:06:10','2026-01-22 22:06:10'),(88,8,9,'2026-01-22 22:06:10','2026-01-22 22:06:10'),(89,8,8,'2026-01-22 22:06:10','2026-01-22 22:06:10'),(90,8,7,'2026-01-22 22:06:10','2026-01-22 22:06:10'),(91,8,6,'2026-01-22 22:06:10','2026-01-22 22:06:10'),(92,8,5,'2026-01-22 22:06:10','2026-01-22 22:06:10'),(93,8,4,'2026-01-22 22:06:10','2026-01-22 22:06:10'),(94,8,3,'2026-01-22 22:06:10','2026-01-22 22:06:10'),(95,8,2,'2026-01-22 22:06:10','2026-01-22 22:06:10'),(96,8,1,'2026-01-22 22:06:10','2026-01-22 22:06:10'),(97,9,12,'2026-01-22 22:06:10','2026-01-22 22:06:10'),(98,9,11,'2026-01-22 22:06:10','2026-01-22 22:06:10'),(99,9,10,'2026-01-22 22:06:10','2026-01-22 22:06:10'),(100,9,9,'2026-01-22 22:06:10','2026-01-22 22:06:10'),(101,9,8,'2026-01-22 22:06:10','2026-01-22 22:06:10'),(102,9,7,'2026-01-22 22:06:10','2026-01-22 22:06:10'),(103,9,6,'2026-01-22 22:06:10','2026-01-22 22:06:10'),(104,9,5,'2026-01-22 22:06:10','2026-01-22 22:06:10'),(105,9,4,'2026-01-22 22:06:10','2026-01-22 22:06:10'),(106,9,3,'2026-01-22 22:06:10','2026-01-22 22:06:10'),(107,9,2,'2026-01-22 22:06:10','2026-01-22 22:06:10'),(108,9,1,'2026-01-22 22:06:10','2026-01-22 22:06:10'),(109,10,12,'2026-01-22 22:06:10','2026-01-22 22:06:10'),(110,10,11,'2026-01-22 22:06:10','2026-01-22 22:06:10'),(111,10,10,'2026-01-22 22:06:10','2026-01-22 22:06:10'),(112,10,9,'2026-01-22 22:06:10','2026-01-22 22:06:10'),(113,10,8,'2026-01-22 22:06:10','2026-01-22 22:06:10'),(114,10,7,'2026-01-22 22:06:10','2026-01-22 22:06:10'),(115,10,6,'2026-01-22 22:06:10','2026-01-22 22:06:10'),(116,10,5,'2026-01-22 22:06:10','2026-01-22 22:06:10'),(117,10,4,'2026-01-22 22:06:10','2026-01-22 22:06:10'),(118,10,3,'2026-01-22 22:06:10','2026-01-22 22:06:10'),(119,10,2,'2026-01-22 22:06:10','2026-01-22 22:06:10'),(120,10,1,'2026-01-22 22:06:10','2026-01-22 22:06:10'),(121,11,12,'2026-01-22 22:06:10','2026-01-22 22:06:10'),(122,11,11,'2026-01-22 22:06:10','2026-01-22 22:06:10'),(123,11,10,'2026-01-22 22:06:10','2026-01-22 22:06:10'),(124,11,9,'2026-01-22 22:06:10','2026-01-22 22:06:10'),(125,11,8,'2026-01-22 22:06:10','2026-01-22 22:06:10'),(126,11,7,'2026-01-22 22:06:10','2026-01-22 22:06:10'),(127,11,6,'2026-01-22 22:06:10','2026-01-22 22:06:10'),(128,11,5,'2026-01-22 22:06:10','2026-01-22 22:06:10'),(129,11,4,'2026-01-22 22:06:10','2026-01-22 22:06:10'),(130,11,3,'2026-01-22 22:06:10','2026-01-22 22:06:10'),(131,11,2,'2026-01-22 22:06:10','2026-01-22 22:06:10'),(132,11,1,'2026-01-22 22:06:10','2026-01-22 22:06:10'),(133,12,12,'2026-01-22 22:06:10','2026-01-22 22:06:10'),(134,12,11,'2026-01-22 22:06:10','2026-01-22 22:06:10'),(135,12,10,'2026-01-22 22:06:10','2026-01-22 22:06:10'),(136,12,9,'2026-01-22 22:06:10','2026-01-22 22:06:10'),(137,12,8,'2026-01-22 22:06:10','2026-01-22 22:06:10'),(138,12,7,'2026-01-22 22:06:10','2026-01-22 22:06:10'),(139,12,6,'2026-01-22 22:06:10','2026-01-22 22:06:10'),(140,12,5,'2026-01-22 22:06:10','2026-01-22 22:06:10'),(141,12,4,'2026-01-22 22:06:10','2026-01-22 22:06:10'),(142,12,3,'2026-01-22 22:06:10','2026-01-22 22:06:10'),(143,12,2,'2026-01-22 22:06:10','2026-01-22 22:06:10'),(144,12,1,'2026-01-22 22:06:10','2026-01-22 22:06:10'),(145,13,12,'2026-01-22 22:06:10','2026-01-22 22:06:10'),(146,13,11,'2026-01-22 22:06:10','2026-01-22 22:06:10'),(147,13,10,'2026-01-22 22:06:10','2026-01-22 22:06:10'),(148,13,9,'2026-01-22 22:06:10','2026-01-22 22:06:10'),(149,13,8,'2026-01-22 22:06:10','2026-01-22 22:06:10'),(150,13,7,'2026-01-22 22:06:10','2026-01-22 22:06:10'),(151,13,6,'2026-01-22 22:06:10','2026-01-22 22:06:10'),(152,13,5,'2026-01-22 22:06:10','2026-01-22 22:06:10'),(153,13,4,'2026-01-22 22:06:10','2026-01-22 22:06:10'),(154,13,3,'2026-01-22 22:06:10','2026-01-22 22:06:10'),(155,13,2,'2026-01-22 22:06:10','2026-01-22 22:06:10'),(156,13,1,'2026-01-22 22:06:10','2026-01-22 22:06:10'),(157,14,12,'2026-01-22 22:06:10','2026-01-22 22:06:10'),(158,14,11,'2026-01-22 22:06:10','2026-01-22 22:06:10'),(159,14,10,'2026-01-22 22:06:10','2026-01-22 22:06:10'),(160,14,9,'2026-01-22 22:06:10','2026-01-22 22:06:10'),(161,14,8,'2026-01-22 22:06:10','2026-01-22 22:06:10'),(162,14,7,'2026-01-22 22:06:10','2026-01-22 22:06:10'),(163,14,6,'2026-01-22 22:06:10','2026-01-22 22:06:10'),(164,14,5,'2026-01-22 22:06:10','2026-01-22 22:06:10'),(165,14,4,'2026-01-22 22:06:10','2026-01-22 22:06:10'),(166,14,3,'2026-01-22 22:06:10','2026-01-22 22:06:10'),(167,14,2,'2026-01-22 22:06:10','2026-01-22 22:06:10'),(168,14,1,'2026-01-22 22:06:10','2026-01-22 22:06:10'),(169,15,12,'2026-01-22 22:06:10','2026-01-22 22:06:10'),(170,15,11,'2026-01-22 22:06:10','2026-01-22 22:06:10'),(171,15,10,'2026-01-22 22:06:10','2026-01-22 22:06:10'),(172,15,9,'2026-01-22 22:06:10','2026-01-22 22:06:10'),(173,15,8,'2026-01-22 22:06:10','2026-01-22 22:06:10'),(174,15,7,'2026-01-22 22:06:10','2026-01-22 22:06:10'),(175,15,6,'2026-01-22 22:06:10','2026-01-22 22:06:10'),(176,15,5,'2026-01-22 22:06:10','2026-01-22 22:06:10'),(177,15,4,'2026-01-22 22:06:10','2026-01-22 22:06:10'),(178,15,3,'2026-01-22 22:06:10','2026-01-22 22:06:10'),(179,15,2,'2026-01-22 22:06:10','2026-01-22 22:06:10'),(180,15,1,'2026-01-22 22:06:10','2026-01-22 22:06:10'),(181,16,12,'2026-01-22 22:06:10','2026-01-22 22:06:10'),(182,16,11,'2026-01-22 22:06:10','2026-01-22 22:06:10'),(183,16,10,'2026-01-22 22:06:10','2026-01-22 22:06:10'),(184,16,9,'2026-01-22 22:06:10','2026-01-22 22:06:10'),(185,16,8,'2026-01-22 22:06:10','2026-01-22 22:06:10'),(186,16,7,'2026-01-22 22:06:10','2026-01-22 22:06:10'),(187,16,6,'2026-01-22 22:06:10','2026-01-22 22:06:10'),(188,16,5,'2026-01-22 22:06:10','2026-01-22 22:06:10'),(189,16,4,'2026-01-22 22:06:10','2026-01-22 22:06:10'),(190,16,3,'2026-01-22 22:06:10','2026-01-22 22:06:10'),(191,16,2,'2026-01-22 22:06:10','2026-01-22 22:06:10'),(192,16,1,'2026-01-22 22:06:10','2026-01-22 22:06:10');

--
-- Table structure for table `exclusions`
--

CREATE TABLE `exclusions` (
  `id` bigint unsigned NOT NULL AUTO_INCREMENT,
  `name` varchar(255) COLLATE utf8mb4_unicode_ci NOT NULL,
  `is_active` tinyint(1) NOT NULL DEFAULT '1',
  `created_at` timestamp NULL DEFAULT NULL,
  `updated_at` timestamp NULL DEFAULT NULL,
  PRIMARY KEY (`id`)
) ENGINE=InnoDB AUTO_INCREMENT=13 DEFAULT CHARSET=utf8mb4 COLLATE=utf8mb4_unicode_ci;

--
-- Dumping data for table `exclusions`
--

INSERT INTO `exclusions` VALUES (1,'بدون كاتشب',1,'2026-01-22 22:06:10','2026-01-22 22:06:10'),(2,'بدون شطة',1,'2026-01-22 22:06:10','2026-01-22 22:06:10'),(3,'بدون مايونيز',1,'2026-01-22 22:06:10','2026-01-22 22:06:10'),(4,'بدون طماطم',1,'2026-01-22 22:06:10','2026-01-22 22:06:10'),(5,'بدون خس',1,'2026-01-22 22:06:10','2026-01-22 22:06:10'),(6,'بدون بصل',1,'2026-01-22 22:06:10','2026-01-22 22:06:10'),(7,'بدون خيار',1,'2026-01-22 22:06:10','2026-01-22 22:06:10'),(8,'بدون مخلل',1,'2026-01-22 22:06:10','2026-01-22 22:06:10'),(9,'بدون جبن',1,'2026-01-22 22:06:10','2026-01-22 22:06:10'),(10,'بدون ثوم',1,'2026-01-22 22:06:10','2026-01-22 22:06:10'),(11,'بدون صوص',1,'2026-01-22 22:06:10','2026-01-22 22:06:10'),(12,'خبز بر (أسمر)',1,'2026-01-22 22:06:10','2026-01-22 22:06:10');

--
-- Table structure for table `failed_jobs`
--

CREATE TABLE `failed_jobs` (
  `id` bigint unsigned NOT NULL AUTO_INCREMENT,
  `uuid` varchar(255) COLLATE utf8mb4_unicode_ci NOT NULL,
  `connection` text COLLATE utf8mb4_unicode_ci NOT NULL,
  `queue` text COLLATE utf8mb4_unicode_ci NOT NULL,
  `payload` longtext COLLATE utf8mb4_unicode_ci NOT NULL,
  `exception` longtext COLLATE utf8mb4_unicode_ci NOT NULL,
  `failed_at` timestamp NOT NULL DEFAULT CURRENT_TIMESTAMP,
  PRIMARY KEY (`id`),
  UNIQUE KEY `failed_jobs_uuid_unique` (`uuid`)
) ENGINE=InnoDB DEFAULT CHARSET=utf8mb4 COLLATE=utf8mb4_unicode_ci;

--
-- Dumping data for table `failed_jobs`
--


--
-- Table structure for table `job_batches`
--

CREATE TABLE `job_batches` (
  `id` varchar(255) COLLATE utf8mb4_unicode_ci NOT NULL,
  `name` varchar(255) COLLATE utf8mb4_unicode_ci NOT NULL,
  `total_jobs` int NOT NULL,
  `pending_jobs` int NOT NULL,
  `failed_jobs` int NOT NULL,
  `failed_job_ids` longtext COLLATE utf8mb4_unicode_ci NOT NULL,
  `options` mediumtext COLLATE utf8mb4_unicode_ci,
  `cancelled_at` int DEFAULT NULL,
  `created_at` int NOT NULL,
  `finished_at` int DEFAULT NULL,
  PRIMARY KEY (`id`)
) ENGINE=InnoDB DEFAULT CHARSET=utf8mb4 COLLATE=utf8mb4_unicode_ci;

--
-- Dumping data for table `job_batches`
--


--
-- Table structure for table `jobs`
--

CREATE TABLE `jobs` (
  `id` bigint unsigned NOT NULL AUTO_INCREMENT,
  `queue` varchar(255) COLLATE utf8mb4_unicode_ci NOT NULL,
  `payload` longtext COLLATE utf8mb4_unicode_ci NOT NULL,
  `attempts` tinyint unsigned NOT NULL,
  `reserved_at` int unsigned DEFAULT NULL,
  `available_at` int unsigned NOT NULL,
  `created_at` int unsigned NOT NULL,
  PRIMARY KEY (`id`),
  KEY `jobs_queue_index` (`queue`)
) ENGINE=InnoDB DEFAULT CHARSET=utf8mb4 COLLATE=utf8mb4_unicode_ci;

--
-- Dumping data for table `jobs`
--


--
-- Table structure for table `migrations`
--

CREATE TABLE `migrations` (
  `id` int unsigned NOT NULL AUTO_INCREMENT,
  `migration` varchar(255) COLLATE utf8mb4_unicode_ci NOT NULL,
  `batch` int NOT NULL,
  PRIMARY KEY (`id`)
) ENGINE=InnoDB AUTO_INCREMENT=13 DEFAULT CHARSET=utf8mb4 COLLATE=utf8mb4_unicode_ci;

--
-- Dumping data for table `migrations`
--

INSERT INTO `migrations` VALUES (1,'0001_01_01_000000_create_users_table',1),(2,'0001_01_01_000001_create_cache_table',1),(3,'0001_01_01_000002_create_jobs_table',1),(4,'2026_01_22_205153_create_categories_table',1),(5,'2026_01_22_205157_create_addon_categories_table',1),(6,'2026_01_22_205201_create_products_table',1),(7,'2026_01_22_205206_create_addons_table',1),(8,'2026_01_22_205210_create_product_addon_table',1),(9,'2026_01_22_212616_add_sizes_to_products_table',2),(10,'2026_01_22_213244_make_price_nullable_in_products_table',3),(11,'2026_01_22_220121_create_exclusions_table',4),(12,'2026_01_22_220126_create_exclusion_product_table',4);

--
-- Table structure for table `product_addon`
--

CREATE TABLE `product_addon` (
  `id` bigint unsigned NOT NULL AUTO_INCREMENT,
  `product_id` bigint unsigned NOT NULL,
  `addon_id` bigint unsigned NOT NULL,
  `price` decimal(10,2) DEFAULT NULL,
  `is_available` tinyint(1) NOT NULL DEFAULT '1',
  `created_at` timestamp NULL DEFAULT NULL,
  `updated_at` timestamp NULL DEFAULT NULL,
  PRIMARY KEY (`id`),
  KEY `product_addon_product_id_foreign` (`product_id`),
  KEY `product_addon_addon_id_foreign` (`addon_id`),
  CONSTRAINT `product_addon_addon_id_foreign` FOREIGN KEY (`addon_id`) REFERENCES `addons` (`id`) ON DELETE CASCADE,
  CONSTRAINT `product_addon_product_id_foreign` FOREIGN KEY (`product_id`) REFERENCES `products` (`id`) ON DELETE CASCADE
) ENGINE=InnoDB AUTO_INCREMENT=98 DEFAULT CHARSET=utf8mb4 COLLATE=utf8mb4_unicode_ci;

--
-- Dumping data for table `product_addon`
--

INSERT INTO `product_addon` VALUES (1,1,3,1.50,1,'2026-01-22 21:42:29','2026-01-22 21:42:29'),(2,1,2,1.50,1,'2026-01-22 21:42:29','2026-01-22 21:42:29'),(3,1,1,1.00,1,'2026-01-22 21:42:29','2026-01-22 21:42:29'),(4,2,3,1.50,1,'2026-01-22 21:42:29','2026-01-22 21:42:29'),(5,2,2,1.50,1,'2026-01-22 21:42:29','2026-01-22 21:42:29'),(6,2,1,1.00,1,'2026-01-22 21:42:29','2026-01-22 21:42:29'),(7,3,3,1.50,1,'2026-01-22 21:42:29','2026-01-22 21:42:29'),(8,3,2,1.50,1,'2026-01-22 21:42:29','2026-01-22 21:42:29'),(9,3,1,1.00,1,'2026-01-22 21:42:29','2026-01-22 21:42:29'),(10,4,3,1.50,1,'2026-01-22 21:42:29','2026-01-22 21:42:29'),(11,4,2,1.50,1,'2026-01-22 21:42:29','2026-01-22 21:42:29'),(12,4,1,1.00,1,'2026-01-22 21:42:29','2026-01-22 21:42:29'),(13,5,3,1.50,1,'2026-01-22 21:42:29','2026-01-22 21:42:29'),(14,5,2,1.50,1,'2026-01-22 21:42:29','2026-01-22 21:42:29'),(15,5,1,1.00,1,'2026-01-22 21:42:29','2026-01-22 21:42:29'),(16,6,3,1.50,1,'2026-01-22 21:42:29','2026-01-22 21:42:29'),(17,6,2,1.50,1,'2026-01-22 21:42:29','2026-01-22 21:42:29'),(18,6,1,1.00,1,'2026-01-22 21:42:29','2026-01-22 21:42:29'),(19,7,3,1.50,1,'2026-01-22 21:42:29','2026-01-22 21:42:29'),(20,7,2,1.50,1,'2026-01-22 21:42:29','2026-01-22 21:42:29'),(21,7,1,1.00,1,'2026-01-22 21:42:29','2026-01-22 21:42:29'),(22,8,3,1.50,1,'2026-01-22 21:42:29','2026-01-22 21:42:29'),(23,8,2,1.50,1,'2026-01-22 21:42:29','2026-01-22 21:42:29'),(24,8,1,1.00,1,'2026-01-22 21:42:29','2026-01-22 21:42:29'),(25,9,3,1.50,1,'2026-01-22 21:42:29','2026-01-22 21:42:29'),(26,9,2,1.50,1,'2026-01-22 21:42:29','2026-01-22 21:42:29'),(27,9,1,1.00,1,'2026-01-22 21:42:29','2026-01-22 21:42:29'),(28,10,3,1.50,1,'2026-01-22 21:42:29','2026-01-22 21:42:29'),(29,10,2,1.50,1,'2026-01-22 21:42:29','2026-01-22 21:42:29'),(30,10,1,1.00,1,'2026-01-22 21:42:29','2026-01-22 21:42:29'),(31,11,3,1.50,1,'2026-01-22 21:42:29','2026-01-22 21:42:29'),(32,11,2,1.50,1,'2026-01-22 21:42:29','2026-01-22 21:42:29'),(33,11,1,1.00,1,'2026-01-22 21:42:29','2026-01-22 21:42:29'),(34,12,3,1.50,1,'2026-01-22 21:42:29','2026-01-22 21:42:29'),(35,12,2,1.50,1,'2026-01-22 21:42:29','2026-01-22 21:42:29'),(36,12,1,1.00,1,'2026-01-22 21:42:29','2026-01-22 21:42:29'),(37,13,3,1.50,1,'2026-01-22 21:42:29','2026-01-22 21:42:29'),(38,13,2,1.50,1,'2026-01-22 21:42:29','2026-01-22 21:42:29'),(39,13,1,1.00,1,'2026-01-22 21:42:29','2026-01-22 21:42:29'),(40,14,3,1.50,1,'2026-01-22 21:42:29','2026-01-22 21:42:29'),(41,14,2,1.50,1,'2026-01-22 21:42:29','2026-01-22 21:42:29'),(42,14,1,1.00,1,'2026-01-22 21:42:29','2026-01-22 21:42:29'),(43,15,3,1.50,1,'2026-01-22 21:42:29','2026-01-22 21:42:29'),(44,15,2,1.50,1,'2026-01-22 21:42:29','2026-01-22 21:42:29'),(45,15,1,1.00,1,'2026-01-22 21:42:29','2026-01-22 21:42:29'),(46,16,3,1.50,1,'2026-01-22 21:42:29','2026-01-22 21:42:29'),(47,16,2,1.50,1,'2026-01-22 21:42:29','2026-01-22 21:42:29'),(48,16,1,1.00,1,'2026-01-22 21:42:29','2026-01-22 21:42:29'),(49,17,3,1.50,1,'2026-01-22 21:42:29','2026-01-22 21:42:29'),(50,17,2,1.50,1,'2026-01-22 21:42:29','2026-01-22 21:42:29'),(51,17,1,1.00,1,'2026-01-22 21:42:29','2026-01-22 21:42:29'),(52,18,3,1.50,1,'2026-01-22 21:42:29','2026-01-22 21:42:29'),(53,18,2,1.50,1,'2026-01-22 21:42:29','2026-01-22 21:42:29'),(54,18,1,1.00,1,'2026-01-22 21:42:29','2026-01-22 21:42:29'),(64,19,4,5.00,1,'2026-01-22 21:42:29','2026-01-22 21:42:29'),(65,20,4,5.00,1,'2026-01-22 21:42:29','2026-01-22 21:42:29'),(66,21,4,5.00,1,'2026-01-22 21:42:29','2026-01-22 21:42:29'),(67,22,4,5.00,1,'2026-01-22 21:42:29','2026-01-22 21:42:29'),(68,23,4,5.00,1,'2026-01-22 21:42:29','2026-01-22 21:42:29'),(69,24,4,5.00,1,'2026-01-22 21:42:29','2026-01-22 21:42:29'),(70,25,4,5.00,1,'2026-01-22 21:42:29','2026-01-22 21:42:29'),(71,26,4,5.00,1,'2026-01-22 21:42:29','2026-01-22 21:42:29'),(72,27,4,5.00,1,'2026-01-22 21:42:29','2026-01-22 21:42:29'),(73,28,4,5.00,1,'2026-01-22 21:42:29','2026-01-22 21:42:29'),(74,29,4,5.00,1,'2026-01-22 21:42:29','2026-01-22 21:42:29'),(75,30,4,5.00,1,'2026-01-22 21:42:29','2026-01-22 21:42:29'),(76,31,4,5.00,1,'2026-01-22 21:42:29','2026-01-22 21:42:29'),(77,32,4,5.00,1,'2026-01-22 21:42:29','2026-01-22 21:42:29'),(78,33,4,5.00,1,'2026-01-22 21:42:29','2026-01-22 21:42:29'),(79,34,4,5.00,1,'2026-01-22 21:42:29','2026-01-22 21:42:29'),(80,35,4,5.00,1,'2026-01-22 21:42:29','2026-01-22 21:42:29'),(81,19,5,3.00,1,'2026-01-22 21:42:29','2026-01-22 21:42:29'),(82,20,5,3.00,1,'2026-01-22 21:42:29','2026-01-22 21:42:29'),(83,21,5,3.00,1,'2026-01-22 21:42:29','2026-01-22 21:42:29'),(84,22,5,3.00,1,'2026-01-22 21:42:29','2026-01-22 21:42:29'),(85,23,5,3.00,1,'2026-01-22 21:42:29','2026-01-22 21:42:29'),(86,24,5,3.00,1,'2026-01-22 21:42:29','2026-01-22 21:42:29'),(87,25,5,3.00,1,'2026-01-22 21:42:29','2026-01-22 21:42:29'),(88,26,5,3.00,1,'2026-01-22 21:42:29','2026-01-22 21:42:29'),(89,27,5,3.00,1,'2026-01-22 21:42:29','2026-01-22 21:42:29'),(90,28,5,3.00,1,'2026-01-22 21:42:29','2026-01-22 21:42:29'),(91,29,5,3.00,1,'2026-01-22 21:42:29','2026-01-22 21:42:29'),(92,30,5,3.00,1,'2026-01-22 21:42:29','2026-01-22 21:42:29'),(93,31,5,3.00,1,'2026-01-22 21:42:29','2026-01-22 21:42:29'),(94,32,5,3.00,1,'2026-01-22 21:42:29','2026-01-22 21:42:29'),(95,33,5,3.00,1,'2026-01-22 21:42:29','2026-01-22 21:42:29'),(96,34,5,3.00,1,'2026-01-22 21:42:29','2026-01-22 21:42:29'),(97,35,5,3.00,1,'2026-01-22 21:42:29','2026-01-22 21:42:29');

--
-- Table structure for table `products`
--

CREATE TABLE `products` (
  `id` bigint unsigned NOT NULL AUTO_INCREMENT,
  `category_id` bigint unsigned NOT NULL,
  `name` varchar(255) COLLATE utf8mb4_unicode_ci NOT NULL,
  `description` text COLLATE utf8mb4_unicode_ci,
  `price` decimal(10,2) DEFAULT NULL,
  `sizes` json DEFAULT NULL,
  `exclusions` json DEFAULT NULL,
  `image` varchar(255) COLLATE utf8mb4_unicode_ci DEFAULT NULL,
  `is_visible` tinyint(1) NOT NULL DEFAULT '1',
  `created_at` timestamp NULL DEFAULT NULL,
  `updated_at` timestamp NULL DEFAULT NULL,
  PRIMARY KEY (`id`),
  KEY `products_category_id_foreign` (`category_id`),
  CONSTRAINT `products_category_id_foreign` FOREIGN KEY (`category_id`) REFERENCES `categories` (`id`) ON DELETE CASCADE
) ENGINE=InnoDB AUTO_INCREMENT=44 DEFAULT CHARSET=utf8mb4 COLLATE=utf8mb4_unicode_ci;

--
-- Dumping data for table `products`
--

INSERT INTO `products` VALUES (1,1,'برقر دجاج مقلي كلاسيك','قرمشة ذهبية، طعم كلاسيكي رائع',5.00,'[]','[\"بدون كاتشب\", \"بدون شطة\", \"بدون مايونيز\", \"بدون خيار\", \"بدون طماطم\", \"بدون خس\", \"بدون بصل\"]',NULL,1,'2026-01-22 21:42:29','2026-01-22 18:55:23'),(2,1,'برقر دجاج مقلي بريوش','دجاج مقرمش بخبز البريوش الناعم',8.00,NULL,'[\"بدون كاتشب\", \"بدون شطة\", \"بدون مايونيز\", \"بدون خيار\", \"بدون طماطم\", \"بدون خس\", \"بدون بصل\"]',NULL,1,'2026-01-22 21:42:29','2026-01-22 21:42:29'),(3,1,'بيج برقر دجاج مقلي بريوش','وجبة مشبعة، قرمشة قوية',13.00,NULL,'[\"بدون كاتشب\", \"بدون شطة\", \"بدون مايونيز\", \"بدون خيار\", \"بدون طماطم\", \"بدون خس\", \"بدون بصل\"]',NULL,1,'2026-01-22 21:42:29','2026-01-22 21:42:29'),(4,1,'برقر دجاج مقلي بطاطس','دجاج ذهبي، خبز بطاطس، طعم يرضي الجميع',12.00,NULL,'[\"بدون كاتشب\", \"بدون شطة\", \"بدون مايونيز\", \"بدون خيار\", \"بدون طماطم\", \"بدون خس\", \"بدون بصل\"]',NULL,1,'2026-01-22 21:42:29','2026-01-22 21:42:29'),(5,1,'بيج برقر دجاج مقلي بطاطس','حجم كبير، قرمشة مميزة',17.00,NULL,'[\"بدون كاتشب\", \"بدون شطة\", \"بدون مايونيز\", \"بدون خيار\", \"بدون طماطم\", \"بدون خس\", \"بدون بصل\"]',NULL,1,'2026-01-22 21:42:29','2026-01-22 21:42:29'),(6,1,'زنجر كلوب','طبق من قطع الزنجر، توست محمص',12.00,NULL,'[\"بدون كاتشب\", \"بدون شطة\", \"بدون مايونيز\", \"بدون خيار\", \"بدون طماطم\", \"بدون خس\", \"بدون بصل\"]',NULL,1,'2026-01-22 21:42:29','2026-01-22 21:42:29'),(7,1,'زنجر','نكهة حارة خفيفة، اختيار شبابي سريع',NULL,'[{\"name\": \"صغير\", \"price\": 6}, {\"name\": \"كبير\", \"price\": 9}]','[\"بدون كاتشب\", \"بدون شطة\", \"بدون مايونيز\", \"بدون خيار\", \"بدون طماطم\", \"بدون خس\", \"بدون بصل\"]',NULL,1,'2026-01-22 21:42:29','2026-01-22 21:42:29'),(8,1,'مسحب دجاج','قطع طرية بقرمشة لطيفة',NULL,'[{\"name\": \"صغير (6 قطع)\", \"price\": 6}, {\"name\": \"كبير\", \"price\": 9}]','[\"بدون كاتشب\", \"بدون شطة\", \"بدون مايونيز\", \"بدون خيار\", \"بدون طماطم\", \"بدون خس\", \"بدون بصل\"]',NULL,1,'2026-01-22 21:42:29','2026-01-22 21:42:29'),(9,1,'تورتيلا','لفافة كبيرة بصوصات لذيذة',NULL,'[{\"name\": \"صغير\", \"price\": 7}, {\"name\": \"كبير\", \"price\": 9}]','[\"بدون كاتشب\", \"بدون شطة\", \"بدون مايونيز\", \"بدون خيار\", \"بدون طماطم\", \"بدون خس\", \"بدون بصل\"]',NULL,1,'2026-01-22 21:42:29','2026-01-22 21:42:29'),(10,1,'بطاطس مقلي','بطاطس ذهبية تناسب كل الأوقات',NULL,'[{\"name\": \"صغير\", \"price\": 4}, {\"name\": \"وسط\", \"price\": 7}, {\"name\": \"كبير\", \"price\": 9}]','[\"بدون كاتشب\", \"بدون شطة\", \"بدون مايونيز\", \"بدون خيار\", \"بدون طماطم\", \"بدون خس\", \"بدون بصل\"]',NULL,1,'2026-01-22 21:42:29','2026-01-22 21:42:29'),(11,2,'برقر لحم مشوي كلاسيك','طعم مشوي متوازن، متعة كلاسيكية',4.00,NULL,'[\"بدون كاتشب\", \"بدون شطة\", \"بدون مايونيز\", \"بدون خيار\", \"بدون طماطم\", \"بدون خس\", \"بدون بصل\"]',NULL,1,'2026-01-22 21:42:29','2026-01-22 21:42:29'),(12,2,'برقر لحم مشوي بريوش','بريوش ناعم، نكهة غنية',7.00,NULL,'[\"بدون كاتشب\", \"بدون شطة\", \"بدون مايونيز\", \"بدون خيار\", \"بدون طماطم\", \"بدون خس\", \"بدون بصل\"]',NULL,1,'2026-01-22 21:42:29','2026-01-22 21:42:29'),(13,2,'بيج برقر لحم مشوي بريوش','حجم أكبر، بريوش فاخر',12.00,NULL,'[\"بدون كاتشب\", \"بدون شطة\", \"بدون مايونيز\", \"بدون خيار\", \"بدون طماطم\", \"بدون خس\", \"بدون بصل\"]',NULL,1,'2026-01-22 21:42:29','2026-01-22 21:42:29'),(14,2,'برقر لحم مشوي بطاطس','خبز بطاطس طري، مذاق محبوب',11.00,NULL,'[\"بدون كاتشب\", \"بدون شطة\", \"بدون مايونيز\", \"بدون خيار\", \"بدون طماطم\", \"بدون خس\", \"بدون بصل\"]',NULL,1,'2026-01-22 21:42:29','2026-01-22 21:42:29'),(15,2,'بيج برقر لحم مشوي بطاطس','حجم عائلي، خبز بطاطس شهي',16.00,NULL,'[\"بدون كاتشب\", \"بدون شطة\", \"بدون مايونيز\", \"بدون خيار\", \"بدون طماطم\", \"بدون خس\", \"بدون بصل\"]',NULL,1,'2026-01-22 21:42:29','2026-01-22 21:42:29'),(16,2,'ساندوتش كباب لحم','كباب مشوي بتتبيلة فاخرة وطعم أصيل',6.00,NULL,'[\"بدون كاتشب\", \"بدون شطة\", \"بدون مايونيز\", \"بدون خيار\", \"بدون طماطم\", \"بدون خس\", \"بدون بصل\"]',NULL,1,'2026-01-22 21:42:29','2026-01-22 21:42:29'),(17,3,'كريسبي كوب','طبقات مقرمشة بتقديم أنيق',16.00,NULL,NULL,NULL,1,'2026-01-22 21:42:29','2026-01-22 21:42:29'),(18,3,'كريسبي كوب جبن','كريسبي مع جبن سايح فاخر',19.00,NULL,NULL,NULL,1,'2026-01-22 21:42:29','2026-01-22 21:42:29'),(19,4,'كريب','كريب طري بذوق كلاسيكي',14.00,NULL,NULL,NULL,1,'2026-01-22 21:42:29','2026-01-22 21:42:29'),(20,4,'كريب سبشل','صوصات مشكلة وفواكه طازجة',19.00,NULL,NULL,NULL,1,'2026-01-22 21:42:29','2026-01-22 21:42:29'),(21,4,'كريب كيك','طبقات فاخرة بتقديم مميز',25.00,NULL,NULL,NULL,1,'2026-01-22 21:42:29','2026-01-22 21:42:29'),(22,4,'كريب سوشي','شكل مبتكر بطعم محبوب',25.00,NULL,NULL,NULL,1,'2026-01-22 21:42:29','2026-01-22 21:42:29'),(23,4,'كريب فيتوتشيني','تجربة مختلفة بنكهة غنية',19.00,NULL,NULL,NULL,1,'2026-01-22 21:42:29','2026-01-22 21:42:29'),(24,4,'بابلز','فقاعات وافل بقرمشة لطيفة',14.00,NULL,NULL,NULL,1,'2026-01-22 21:42:29','2026-01-22 21:42:29'),(25,4,'بابلز سبشل','فواكه وصوصات بلمسة فاخرة',19.00,NULL,NULL,NULL,1,'2026-01-22 21:42:29','2026-01-22 21:42:29'),(26,4,'وافل سبشل','فخامة بطعم استوائي',19.00,NULL,NULL,NULL,1,'2026-01-22 21:42:29','2026-01-22 21:42:29'),(27,4,'وافل أصابع','مشاركة سهلة ومتعة سريعة',12.00,NULL,NULL,NULL,1,'2026-01-22 21:42:29','2026-01-22 21:42:29'),(28,4,'وافل أصابع سبشل','وافل ذهبي بطعم الجميع يحبه',19.00,NULL,NULL,NULL,1,'2026-01-22 21:42:29','2026-01-22 21:42:29'),(29,4,'ترافل مانجو','نكهة المانجو الطبيعية',19.00,NULL,NULL,NULL,1,'2026-01-22 21:42:29','2026-01-22 21:42:29'),(30,4,'ترافل فراولة','نكهة الفراولة الطازجة',19.00,NULL,NULL,NULL,1,'2026-01-22 21:42:29','2026-01-22 21:42:29'),(31,4,'كرانشي','قرمشة غنية بطابع شبابي',19.00,NULL,NULL,NULL,1,'2026-01-22 21:42:29','2026-01-22 21:42:29'),(32,4,'مني بانكيك','لقمات ناعمة مثالية للمشاركة',NULL,'[{\"name\": \"صغير (10 قطع)\", \"price\": 9}, {\"name\": \"كبير (25 قطعة)\", \"price\": 19}]',NULL,NULL,1,'2026-01-22 21:42:29','2026-01-22 21:42:29'),(33,4,'لقيمات','لقيمات دافئة وخفيفة',NULL,'[{\"name\": \"صغير (10 حبات)\", \"price\": 8}, {\"name\": \"كبير (25 حبة)\", \"price\": 18}]',NULL,NULL,1,'2026-01-22 21:42:29','2026-01-22 21:42:29'),(34,4,'لقيمات عسل وحبة بركة','نكهة تقليدية بلمسة راقية',NULL,'[{\"name\": \"صغير (10 حبات)\", \"price\": 9}, {\"name\": \"كبير (25 حبة)\", \"price\": 19}]',NULL,NULL,1,'2026-01-22 21:42:29','2026-01-22 21:42:29'),(35,4,'سوفليه','شوكولاتة سائلة، رفاهية بكل حجم',NULL,'[{\"name\": \"صغير\", \"price\": 7}, {\"name\": \"وسط\", \"price\": 12}, {\"name\": \"كبير\", \"price\": 18}, {\"name\": \"جامبو\", \"price\": 23}]',NULL,NULL,1,'2026-01-22 21:42:29','2026-01-22 21:42:29'),(36,5,'بكج القهوة والحلى','بانكيك أو لقيمات مع قهوة اليوم صغير - جلسة خفيفة للجميع',15.00,NULL,NULL,NULL,1,'2026-01-22 21:42:29','2026-01-22 21:42:29'),(37,5,'بكج الوجبة المتكاملة','برقر شيزي كبير مع بانكيك أو لقيمات - وجبة متكاملة بمزاج عائلي',21.00,NULL,NULL,NULL,1,'2026-01-22 21:42:29','2026-01-22 21:42:29'),(38,6,'مشروبات غازية','بيبسي، سفن، ميرندا',2.50,NULL,NULL,NULL,1,'2026-01-22 21:42:29','2026-01-22 21:42:29'),(39,6,'ماء','مياه صحية',1.00,NULL,NULL,NULL,1,'2026-01-22 21:42:29','2026-01-22 21:42:29'),(40,6,'قهوة اليوم حارة','قهوة سوداء طازجة',NULL,'[{\"name\": \"صغير\", \"price\": 5}, {\"name\": \"كبير\", \"price\": 7}]',NULL,NULL,1,'2026-01-22 21:42:29','2026-01-22 21:42:29'),(41,6,'قهوة اليوم باردة','قهوة باردة منعشة',NULL,'[{\"name\": \"صغير\", \"price\": 6}, {\"name\": \"كبير\", \"price\": 8}]',NULL,NULL,1,'2026-01-22 21:42:29','2026-01-22 21:42:29'),(42,6,'شوكلاتة ساخنة','طعم الشوكولاتة الغني',NULL,'[{\"name\": \"صغير\", \"price\": 8}, {\"name\": \"كبير\", \"price\": 10}]',NULL,NULL,1,'2026-01-22 21:42:29','2026-01-22 21:42:29'),(43,6,'كركديه','مشروب بارد ومنعش',NULL,'[{\"name\": \"وسط\", \"price\": 6}, {\"name\": \"كبير\", \"price\": 8}]',NULL,NULL,1,'2026-01-22 21:42:29','2026-01-22 21:42:29');

--
-- Table structure for table `sessions`
--

CREATE TABLE `sessions` (
  `id` varchar(255) COLLATE utf8mb4_unicode_ci NOT NULL,
  `user_id` bigint unsigned DEFAULT NULL,
  `ip_address` varchar(45) COLLATE utf8mb4_unicode_ci DEFAULT NULL,
  `user_agent` text COLLATE utf8mb4_unicode_ci,
  `payload` longtext COLLATE utf8mb4_unicode_ci NOT NULL,
  `last_activity` int NOT NULL,
  PRIMARY KEY (`id`),
  KEY `sessions_user_id_index` (`user_id`),
  KEY `sessions_last_activity_index` (`last_activity`)
) ENGINE=InnoDB DEFAULT CHARSET=utf8mb4 COLLATE=utf8mb4_unicode_ci;

--
-- Dumping data for table `sessions`
--



